{"id":136,"date":"2024-09-08T23:21:11","date_gmt":"2024-09-08T23:21:11","guid":{"rendered":"https:\/\/bricarquitectos.com\/?page_id=136"},"modified":"2025-02-19T00:07:20","modified_gmt":"2025-02-19T00:07:20","slug":"136-2","status":"publish","type":"page","link":"https:\/\/bricarquitectos.com\/?page_id=136","title":{"rendered":"Sobre Bric"},"content":{"rendered":"\n<p style=\"margin-right:var(--wp--preset--spacing--20);margin-left:var(--wp--preset--spacing--20)\"><strong>Bric<\/strong> es un estudio de arquitectura que se dedica al desarrollo de proyectos arquitect\u00f3nicos y art\u00edsticos. Los proyectos realizados por la oficina var\u00edan en tipolog\u00eda y escala, desde dise\u00f1o habitacional, intervenciones urbanas hasta la proyecci\u00f3n de espacios culturales; cada una de nuestras propuestas se basan en el estudio minucioso de las condiciones ambientales del sitio donde se emplaza la obra.&nbsp;<\/p>\n\n\n\n<p style=\"margin-right:var(--wp--preset--spacing--20);margin-left:var(--wp--preset--spacing--20)\">En Bric no creemos en recetas preexistentes, cada proyecto es \u00fanico. La luz, el viento, las vistas y las personas que habitar\u00e1n el edificio son los verdaderos protagonistas de nuestros dise\u00f1os.&nbsp;<\/p>\n\n\n\n<p style=\"margin-right:var(--wp--preset--spacing--20);margin-left:var(--wp--preset--spacing--20)\">&nbsp;El trabajo de la oficina ha sido publicado en diferentes medios a nivel nacional e internacional, como la revista <em><strong>Domus<\/strong><\/em> y el prestigioso sitio web <strong><a href=\"https:\/\/www.archdaily.cl\/cl\/office\/bric-arquitectos?ad_name=project-specs&amp;ad_medium=single\" data-type=\"link\" data-id=\"https:\/\/www.archdaily.cl\/cl\/office\/bric-arquitectos?ad_name=project-specs&amp;ad_medium=single\">ArchDaily<\/a><\/strong>. Bric ha participado en varios concursos internacionales destac\u00e1ndose en &nbsp;<em><strong>Tiny&nbsp;Home&nbsp;Community&nbsp;&nbsp;<\/strong><\/em>en Raleigh Carolina del Norte en 2015 donde nuestra&nbsp; propuesta para una vivienda m\u00ednima estuvo dentro de las finalistas seleccionadas por el jurado. En 2017 Bric fue seleccionado como parte del cat\u00e1logo de la competencia internacional <strong><em>Young Architects in Latin America<\/em> <\/strong>promovida por la <strong>CA\u2019ASI<\/strong>, <strong>Maison Commune<\/strong> en Venecia.<\/p>\n\n\n\n<figure class=\"wp-block-image aligncenter size-medium\"><img fetchpriority=\"high\" decoding=\"async\" width=\"240\" height=\"300\" src=\"http:\/\/bricarquitectos.com\/wp-content\/uploads\/2025\/02\/Moises-Mora-Lopez-240x300.jpg\" alt=\"\" class=\"wp-image-221\" srcset=\"https:\/\/bricarquitectos.com\/wp-content\/uploads\/2025\/02\/Moises-Mora-Lopez-240x300.jpg 240w, https:\/\/bricarquitectos.com\/wp-content\/uploads\/2025\/02\/Moises-Mora-Lopez-819x1024.jpg 819w, https:\/\/bricarquitectos.com\/wp-content\/uploads\/2025\/02\/Moises-Mora-Lopez-768x960.jpg 768w, https:\/\/bricarquitectos.com\/wp-content\/uploads\/2025\/02\/Moises-Mora-Lopez-1229x1536.jpg 1229w, https:\/\/bricarquitectos.com\/wp-content\/uploads\/2025\/02\/Moises-Mora-Lopez-1639x2048.jpg 1639w, https:\/\/bricarquitectos.com\/wp-content\/uploads\/2025\/02\/Moises-Mora-Lopez-scaled.jpg 2048w\" sizes=\"(max-width: 240px) 100vw, 240px\" \/><figcaption class=\"wp-element-caption\">Mois\u00e9s Mora L\u00f3pez, fundador y director de Bric<\/figcaption><\/figure>\n","protected":false},"excerpt":{"rendered":"<p>Bric es un estudio de arquitectura que se dedica al desarrollo de proyectos arquitect\u00f3nicos y art\u00edsticos. Los proyectos realizados por la oficina var\u00edan en tipolog\u00eda y escala, desde dise\u00f1o habitacional, intervenciones urbanas hasta la proyecci\u00f3n de espacios culturales; cada una de nuestras propuestas se basan en el estudio minucioso de las condiciones ambientales del sitio [&hellip;]<\/p>\n","protected":false},"author":1,"featured_media":0,"parent":0,"menu_order":0,"comment_status":"closed","ping_status":"closed","template":"","meta":{"site-sidebar-layout":"default","site-content-layout":"","ast-site-content-layout":"default","site-content-style":"default","site-sidebar-style":"default","ast-global-header-display":"","ast-banner-title-visibility":"","ast-main-header-display":"","ast-hfb-above-header-display":"","ast-hfb-below-header-display":"","ast-hfb-mobile-header-display":"","site-post-title":"disabled","ast-breadcrumbs-content":"","ast-featured-img":"","footer-sml-layout":"","theme-transparent-header-meta":"","adv-header-id-meta":"","stick-header-meta":"","header-above-stick-meta":"","header-main-stick-meta":"","header-below-stick-meta":"","astra-migrate-meta-layouts":"set","ast-page-background-enabled":"default","ast-page-background-meta":{"desktop":{"background-color":"var(--ast-global-color-4)","background-image":"","background-repeat":"repeat","background-position":"center center","background-size":"auto","background-attachment":"scroll","background-type":"","background-media":"","overlay-type":"","overlay-color":"","overlay-opacity":"","overlay-gradient":""},"tablet":{"background-color":"","background-image":"","background-repeat":"repeat","background-position":"center center","background-size":"auto","background-attachment":"scroll","background-type":"","background-media":"","overlay-type":"","overlay-color":"","overlay-opacity":"","overlay-gradient":""},"mobile":{"background-color":"","background-image":"","background-repeat":"repeat","background-position":"center center","background-size":"auto","background-attachment":"scroll","background-type":"","background-media":"","overlay-type":"","overlay-color":"","overlay-opacity":"","overlay-gradient":""}},"ast-content-background-meta":{"desktop":{"background-color":"var(--ast-global-color-5)","background-image":"","background-repeat":"repeat","background-position":"center center","background-size":"auto","background-attachment":"scroll","background-type":"","background-media":"","overlay-type":"","overlay-color":"","overlay-opacity":"","overlay-gradient":""},"tablet":{"background-color":"var(--ast-global-color-5)","background-image":"","background-repeat":"repeat","background-position":"center center","background-size":"auto","background-attachment":"scroll","background-type":"","background-media":"","overlay-type":"","overlay-color":"","overlay-opacity":"","overlay-gradient":""},"mobile":{"background-color":"var(--ast-global-color-5)","background-image":"","background-repeat":"repeat","background-position":"center center","background-size":"auto","background-attachment":"scroll","background-type":"","background-media":"","overlay-type":"","overlay-color":"","overlay-opacity":"","overlay-gradient":""}},"footnotes":""},"_links":{"self":[{"href":"https:\/\/bricarquitectos.com\/index.php?rest_route=\/wp\/v2\/pages\/136"}],"collection":[{"href":"https:\/\/bricarquitectos.com\/index.php?rest_route=\/wp\/v2\/pages"}],"about":[{"href":"https:\/\/bricarquitectos.com\/index.php?rest_route=\/wp\/v2\/types\/page"}],"author":[{"embeddable":true,"href":"https:\/\/bricarquitectos.com\/index.php?rest_route=\/wp\/v2\/users\/1"}],"replies":[{"embeddable":true,"href":"https:\/\/bricarquitectos.com\/index.php?rest_route=%2Fwp%2Fv2%2Fcomments&post=136"}],"version-history":[{"count":6,"href":"https:\/\/bricarquitectos.com\/index.php?rest_route=\/wp\/v2\/pages\/136\/revisions"}],"predecessor-version":[{"id":223,"href":"https:\/\/bricarquitectos.com\/index.php?rest_route=\/wp\/v2\/pages\/136\/revisions\/223"}],"wp:attachment":[{"href":"https:\/\/bricarquitectos.com\/index.php?rest_route=%2Fwp%2Fv2%2Fmedia&parent=136"}],"curies":[{"name":"wp","href":"https:\/\/api.w.org\/{rel}","templated":true}]}}